in base 7?
540203
-12233130302 (base 4) to base 3
-10022210011112
What is 40c567 (base 13) in base 6?
52230054
What is -a203a (base 15) in base 6?
-14555131
What is -11001210112 (base 3) in base 11?
-55156
What is -bacd7 (base 16) in base 13?
-20a362
Convert -23222102 (base 5) to base 9.
-351265
14316405 (base 9) to base 16
6c4b38
Convert b27c8 (base 14) to base 6.
13112540
-114205 (base 11) to base 5
-21300023
What is -a5277 (base 11) in base 2?
-100101011100101111
Convert 2085805 (base 10) to base 8.
7751655
What is -2000110321 (base 4) in base 8?
-2002471
Convert -a3538 (base 13) to base 2.
-1000111100011100101
2144423 (base 6) to base 14
2b15d
Convert -556026 (base 7) to base 4.
-113331012
17ee54 (base 15) to base 8
4341705
Convert -220000022011010 (base 3) to base 2.
-110000101011010111001111
What is 196728 (base 10) in base 9?
328766
What is 13360223 (base 9) in base 8?
31116704
-3230022213 (base 4) to base 3
-1211010221020
Convert 89232 (base 13) to base 8.
745500
What is 13031200310 (base 4) in base 6?
104303352
Convert b08dc (base 15) to base 10.
558882
-34a11 (base 15) to base 3
-22111221221
Convert -a49ab (base 15) to base 10.
-521936
What is -2313013 (base 6) in base 2?
-11100111101000001
-1265676 (base 11) to base 9
-4105632
-3214340 (base 5) to base 4
-31101021
Convert 36202 (base 7) to base 15.
2b91
-8887 (base 13) to base 14
-6d1d
What is -307024 (base 8) in base 4?
-120320110
What is 439756 (base 13) in base 7?
16350025
Convert 12130613 (base 8) to base 10.
2666891
Convert 110000101101001011110 (base 2) to base 5.
402032443
What is 100101010101110000110 (base 2) in base 8?
4525606
Convert 225611 (base 7) to base 16.
9df1
What is 433700 (base 8) in base 9?
241333
What is -5183200 (base 9) in base 10?
-2771091
Convert -1573773 (base 9) to base 8.
-3255651
101110001000010000 (base 2) to base 8
561020
What is 7a9ba (base 15) in base 11?
247291
-67617 (base 10) to base 4
-100200201
a337 (base 15) to base 10
34477
What is 26a04 (base 11) in base 15?
b607
-21121121120220 (base 3) to base 15
-54e223
Convert 12121224 (base 5) to base 7.
653120
Convert -322121131 (base 4) to base 16.
-3a65d
200010010212 (base 3) to base 12
152435
-323221100223 (base 4) to base 14
-21100d5
-30051 (base 16) to base 9
-328723
Convert 87982 (base 10) to base 11.
60114
Convert 970485 (base 11) to base 2.
101111011000010001011
What is 111872 (base 11) in base 15?
37b65
783425 (base 11) to base 2
100110000111011011101
Convert 2232000030 (base 5) to base 12.
17aa498
-11110223301 (base 4) to base 2
-101010100101011110001
-500a6aa (base 12) to base 11
-848a888
What is 40190 (base 13) in base 15?
23e05
1231011232 (base 4) to base 14
b8ba6
Convert 1218310 (base 10) to base 9.
2256177
Convert -1634838 (base 12) to base 6.
-241301312
Convert -11312321 (base 5) to base 8.
-313226
What is aaa0b1 (base 13) in base 6?
222102050
-1300 (base 8) to base 7
-2024
What is 146a34 (base 12) in base 8?
1237110
-2f0e2 (base 16) to base 10
-192738
5b80b (base 14) to base 11
1431a4
Convert 12113030 (base 4) to base 10.
26060
c1a438 (base 14) to base 9
13237486
Convert -3223 (base 11) to base 13.
-1c29
-22210110202 (base 3) to base 15
-36462
-420072 (base 8) to base 9
-232102
What is -10001011100100011010 (base 2) in base 5?
-121243144
What is -504106 (base 7) in base 8?
-246726
What is 3102123442 (base 5) in base 16?
5feb2a
Convert 216a7 (base 12) to base 8.
126237
Convert 1d38da (base 14) to base 8.
3775270
Convert -251900 (base 15) to base 5.
-423333100
Convert 73009 (base 11) to base 10.
106489
Convert 6e8622 (base 16) to base 9.
14558838
100310220132 (base 4) to base 3
22022001020010
What is 3b23c (base 13) in base 11?
75908
-3611362 (base 7) to base 14
-bc632
10001101111000101001000 (base 2) to base 13
c6a277
-20304224 (base 5) to base 13
-5a84a
Convert -19dde0 (base 16) to base 6.
-100200052
-2283238 (base 12) to base 3
-110111101210022
What is -26bab3 (base 15) in base 4?
-13012212123
What is 57582 (base 9) in base 11?
26928
-1283a5 (base 12) to base 14
-7d073
What is 41c99 (base 15) in base 9?
347270
-12452040 (base 7) to base 13
-30b451
Convert 6388eb (base 15) to base 9.
8820125
8609874 (base 10) to base 3
121012102112020
Convert 913da (base 14) to base 9.
582085
2095581 (base 12) to base 9
12540867
1587031 (base 9) to base 14
1903a9
Convert -8aa8b1 (base 12) to base 3.
-11011121120121
-863a7 (base 15) to base 7
-3423136
1211312102 (base 5) to base 14
53c590
Convert 130021030 (base 6) to base 7.
30303333
Convert -1412201 (base 5) to base 12.
-1498b
Convert -441453 (base 7) to base 2.
-10010111001100001
Convert -137262 (base 9) to base 7.
-500024
What is -100111001001001111101011 (base 2) in base 12?
-352a437
Convert -27476043 (base 8) to base 7.
-103426645
Convert -c74cd (base 16) to base 10.
-816333
Convert 20a63 (base 14) to base 5.
10011004
Convert 43cb84 (base 13) to base 6.
54135350
What is -25251a (base 11) in base 3?
-202020202210
What is -1111110100100111111 (base 2) in base 7?
-4256361
-10937 (base 12) to base 8
-53073
What is 18a4 (base 16) in base 12?
3798
Convert 313001 (base 6) to base 7.
133453
Convert -110010011110010100 (base 2) to base 10.
-206740
1725423 (base 9) to base 10
961896
What is 81121 (base 12) in base 13?
5b4a7
Convert -10100101110000011000 (base 2) to base 12.
-288aa0
Convert 45554641 (base 7) to base 13.
a94827
-297a1b (base 13) to base 6
-33443024
What is -1144565 (base 10) in base 2?
-100010111011011110101
What is 27fc8e (base 16) in base 3?
11221010201201
Convert 10202021222022 (base 3) to base 13.
54a67c
-5736024 (base 9) to base 6
-150154551
What is 23016262 (base 7) in base 2?
111101001011010011010
Convert -2231414100 (base 5) to base 8.
-22706156
What is 376653 (base 9) in base 5?
24243412
Convert 173230 (base 9) to base 4.
122031120
What is -2373 (base 11) in base 7?
-12024
-109837 (base 10) to base 5
-12003322
Convert -20110210011100 (base 3) to base 6.
-201423100
-341105345 (base 6) to base 15
-82b3cb
Convert 133102133 (base 4) to base 9.
214718
-123312110 (base 4) to base 14
-2d7da
What is 670f (base 16) in base 10?
26383
-964a0 (base 12) to base 3
-101001011210
22625700 (base 8) to base 9
10237667
-85078 (base 16) to base 7
-4426411
What is 10100011010110001100 (base 2) in base 7?
5454431
-128631 (base 10) to base 16
-1f677
Convert -4541453 (base 6) to base 2.
-111000011010101001
What is 1023330214 (base 5) in base 10?
2167559
What is -2334447 (base 8) in base 7?
-5262536
What is 22602660 (base 7) in base 15?
292dd3
Convert b626 (base 14) to base 8.
75242
32517 (base 10) to base 4
13330011
42425404 (base 6) to base 12
502264
-c77b7 (base 16) to base 14
-173aab
What is 32311444 (base 6) in base 16?
e9eb4
What is 203c7f (base 16) in base 9?
3868886
Convert 795492 (base 13) to base 4.
22330022220
1110111101100111000110 (base 2) to base 16
3bd9c6
What is -bd5221 (base 16) in base 8?
-57251041
-22330313122 (base 4) to base 2
-1010111100110111011010
Convert 65984 (base 10) to base 16.
101c0
-70b580 (base 12) to base 3
-10022111112020
Convert 532 (base 14) to base 8.
2000
Convert 925744 (base 13) to base 10.
3410983
What is -177748 (base 12) in base 10?
-407144
What is -10826 (base 15) in base 16?
-cced
-131201233 (base 4) to base 12
-59ba7
Convert -446038 (base 9) to base 8.
-1011141
Convert 4232521 (base 6) to base 10.
206689
Convert 20053 (base 14) to base 15.
17bc0
Convert -23050266 (base 7) to base 9.
-3706170
What is -1010010000100011 (base 2) in base 5?
-2321034
10111000101111101 (base 2) to base 6
2005525
1611466 (base 8) to base 10
463670
Convert 31320121322 (base 4) to base 10.
3638906
2f87d5 (base 16) to base 8
13703725
Convert 1775166 (base 8) to base 15.
a4dd0
-5b5884 (base 12) to base 6
-51433444
Convert 9a251 (base 16) to base 5.
130201002
What is -414231 (base 5) in base 2?
-11010101111011
What is c4ad00 (base 14) in base 11?
3823978
10001100110001111011 (base 2) to base 12
23984b
Convert 2c0071 (base 16) to base 11.
169a623
What is -bbeab (base 16) in base 5?
-144112312
-10623110 (base 7) to base 2
-11100011000111100000
What is 24530414 (base 6) in base 15?
108d7d
Convert 8ecbd (base 16) to base 13.
1762ba
What is 550313 (base 7) in base 11?
66302
Convert -40413340 (base 6) to base 8.
-4313634
-87461 (base 15) to ba